{"id":17,"date":"2012-12-14T02:44:46","date_gmt":"2012-12-14T00:44:46","guid":{"rendered":"http:\/\/blog.buergerverein-moltkeviertel.de\/wordpress\/?page_id=17"},"modified":"2018-08-22T10:15:26","modified_gmt":"2018-08-22T08:15:26","slug":"denkmalschutz","status":"publish","type":"page","link":"https:\/\/www.buergerverein-moltkeviertel.de\/wordpress\/denkmalschutz\/","title":{"rendered":"Denkmalschutz"},"content":{"rendered":"<p>Das <b>Moltkeviertel<\/b> ist ein als Wohnquartier beliebtes Stadtviertel und liegt s\u00fcd\u00f6stlich des Hauptbahnhofs. Kommunalpolitisch geh\u00f6rt das Viertel zum Bereich der Bezirksvertretung BV1\u00a0der Stadt Essen und verwaltungsm\u00e4\u00dfig zu den Stadtteilen Essen-S\u00fcdostviertel und Essen-Huttrop.<\/p>\n<p>Das <b>Zentrum<\/b> des 100 Jahre alten Moltkeviertels bildet die 1911 fertiggestellte <i><b>K\u00f6nigliche Baugewerkschule<\/b><\/i> (das heutige <b><i>Robert-Schmidt-Berufskolleg)<\/i> <\/b>an der Robert-Schmidt-Stra\u00dfe 1 Ecke Moltkestra\u00dfe, dessen Uhrenturm von &#8222;\u00fcberall&#8220; im Moltkeviertel aus sichtbar ist. Das Geb\u00e4ude und die anschlie\u00dfende ehemalige Direktorenvilla Robert-Schmidt-Stra\u00dfe 3 sind <b>denkmalgesch\u00fctzt<\/b>; mehr dazu hier: <a href=\"https:\/\/maps.google.com\/maps\/ms?ie=UTF8&amp;hl=de&amp;msa=0&amp;msid=215910445549454845807.0004a40907e12184232eb&amp;ll=51.442479,7.027645&amp;spn=0.011368,0.013926&amp;z=16&amp;source=embed\" target=\"_blank\" rel=\"noopener noreferrer\">Lageplan\u00a0<\/a>der denkmalgesch\u00fctzten Geb\u00e4ude im Moltkeviertel<\/p>\n<p>EINZELNE DENKMALGESCH\u00dcTZTE GEB\u00c4UDE IM MOLTKEVIERTEL:<\/p>\n<h4>K\u00f6nigliche Baugewerkschule, 1920er Jahr, heutiges Robert-Schmidt-Berufskolleg<\/h4>\n<p>Das Geb\u00e4ude des Robert-Schmidt-Berufskollegs (Architekt Edmund K\u00f6rner) und die anschlie\u00dfende ehemalige Direktorenvilla Robert-Schmidt-Stra\u00dfe 3 sind beide denkmalgesch\u00fctzt. Der Geb\u00e4udeteil l\u00e4ngs der Moltkestra\u00dfe wurde im Zweiten Weltkrieg stark besch\u00e4digt und in ver\u00e4nderter Form wiederaufgebaut.<\/p>\n<p><img loading=\"lazy\" decoding=\"async\" class=\" wp-image-242 alignleft\" title=\"Gr\u00fcnanlage an der Baugewerke-Schule, B\u00fcrgerverein Moltkeviertel, Moltkeplatz\" src=\"http:\/\/blog.buergerverein-moltkeviertel.de\/wordpress\/wp-content\/uploads\/Baugewerkschule_VillaKoppers_20er_i01452-300x278.jpg\" alt=\"B\u00fcrgerverein Moltkeviertel, Gr\u00fcnanlagen am Moltkeplatz\" width=\"265\" height=\"247\" srcset=\"https:\/\/www.buergerverein-moltkeviertel.de\/wordpress\/wp-content\/uploads\/Baugewerkschule_VillaKoppers_20er_i01452-300x278.jpg 300w, https:\/\/www.buergerverein-moltkeviertel.de\/wordpress\/wp-content\/uploads\/Baugewerkschule_VillaKoppers_20er_i01452-323x300.jpg 323w, https:\/\/www.buergerverein-moltkeviertel.de\/wordpress\/wp-content\/uploads\/Baugewerkschule_VillaKoppers_20er_i01452.jpg 1024w\" sizes=\"auto, (max-width: 265px) 100vw, 265px\" \/><\/p>\n<p><a href=\"https:\/\/www.buergerverein-moltkeviertel.de\/wordpress\/wp-content\/uploads\/Berufskolleg_A-e1500645467253.jpg\"><img loading=\"lazy\" decoding=\"async\" class=\"alignnone wp-image-243 \" title=\"Berufskolleg_A, B\u00fcrgerverein Moltkeviertel, Moltkeplatz\" src=\"https:\/\/www.buergerverein-moltkeviertel.de\/wordpress\/wp-content\/uploads\/Berufskolleg_A-e1500645467253-300x287.jpg\" alt=\"B\u00fcrgerverein Moltkeviertel, Berufskolleg, Moltkeplatz\" width=\"264\" height=\"253\" srcset=\"https:\/\/www.buergerverein-moltkeviertel.de\/wordpress\/wp-content\/uploads\/Berufskolleg_A-e1500645467253-300x287.jpg 300w, https:\/\/www.buergerverein-moltkeviertel.de\/wordpress\/wp-content\/uploads\/Berufskolleg_A-e1500645467253-768x736.jpg 768w, https:\/\/www.buergerverein-moltkeviertel.de\/wordpress\/wp-content\/uploads\/Berufskolleg_A-e1500645467253-618x592.jpg 618w, https:\/\/www.buergerverein-moltkeviertel.de\/wordpress\/wp-content\/uploads\/Berufskolleg_A-e1500645467253-444x425.jpg 444w, https:\/\/www.buergerverein-moltkeviertel.de\/wordpress\/wp-content\/uploads\/Berufskolleg_A-e1500645467253.jpg 780w\" sizes=\"auto, (max-width: 264px) 100vw, 264px\" \/><\/a><\/p>\n<h4>ENSEMBLE AN DER ECKE MOLTKESTRASSE \/ MOLTKEPLATZ<\/h4>\n<p>Villa Koppers &#8211; ehemaliges Wohnhaus der Familie Heinrich Koppers &#8211; Moltkeplatz 61, und ehemaliges Verwaltungsgeb\u00e4ude der Firma Heinrich Koppers AG, Moltkestra\u00dfe 29 &#8211; Fertigstellung: 1911 &#8211; Architekt: Oskar Schwer<\/p>\n<p><a href=\"https:\/\/www.buergerverein-moltkeviertel.de\/wordpress\/wp-content\/uploads\/Villa_Koppers_1502_A.jpg\"><img loading=\"lazy\" decoding=\"async\" class=\"alignnone wp-image-254\" src=\"https:\/\/www.buergerverein-moltkeviertel.de\/wordpress\/wp-content\/uploads\/Villa_Koppers_1502_A-300x225.jpg\" alt=\"\" width=\"230\" height=\"175\" \/><\/a> <a href=\"https:\/\/www.buergerverein-moltkeviertel.de\/wordpress\/wp-content\/uploads\/Koppers_AG_1442.jpg\"><img loading=\"lazy\" decoding=\"async\" class=\"alignnone wp-image-245\" src=\"https:\/\/www.buergerverein-moltkeviertel.de\/wordpress\/wp-content\/uploads\/Koppers_AG_1442.jpg\" alt=\"\" width=\"228\" height=\"174\" \/><\/a><\/p>\n<h4>SELK SELBST\u00c4NDIGE EVANGELISCH-LUTHERISCHE KIRCHE AM MOLTKEPLATZ<\/h4>\n<p>Kirche mit im Winkel angebauten Pfarrhaus.<br \/>\nDer Glockenturm dient gleichzeitig als Treppenhaus<br \/>\nBaujahr 1910; Architekt: Otto Bartning<br \/>\nKirchengeb\u00e4ude und Pfarrhaus wurden nach dem Zweiten Weltkrieg in etwas ver\u00e4nderter Form wiederaufgebaut.<\/p>\n<p><a href=\"https:\/\/www.buergerverein-moltkeviertel.de\/wordpress\/wp-content\/uploads\/Kirche_am_Moltkeplatz_1992.jpg\"><img loading=\"lazy\" decoding=\"async\" class=\"alignleft size-medium wp-image-244\" title=\"Kirche_am_Moltkeplatz_1992, SELK Kirche, B\u00fcrgerverein Moltkeviertel am Moltkeplatz\" src=\"http:\/\/blog.buergerverein-moltkeviertel.de\/wordpress\/wp-content\/uploads\/Kirche_am_Moltkeplatz_1992-229x300.jpg\" alt=\"Moltkeplatz, B\u00fcrgerverein Moltkeviertel, SELK Kirche\" width=\"229\" height=\"300\" srcset=\"https:\/\/www.buergerverein-moltkeviertel.de\/wordpress\/wp-content\/uploads\/Kirche_am_Moltkeplatz_1992-229x300.jpg 229w, https:\/\/www.buergerverein-moltkeviertel.de\/wordpress\/wp-content\/uploads\/Kirche_am_Moltkeplatz_1992.jpg 782w\" sizes=\"auto, (max-width: 229px) 100vw, 229px\" \/><\/a><\/p>\n<p>&nbsp;<\/p>\n<p>&nbsp;<\/p>\n<p>&nbsp;<\/p>\n<p>&nbsp;<\/p>\n<p>&nbsp;<\/p>\n<p>&nbsp;<\/p>\n<p>&nbsp;<\/p>\n<h4>MOLTKEBR\u00dcCKE<\/h4>\n<p>Baujahr 1910; Architekt: Richard Radeboldt.Die Putten auf den vier Br\u00fcckenpfeilern sollen von Joseph Enseling stammen. Die Br\u00fcckenpfeiler trugen zeitweise oben Beleuchtungsk\u00f6rper.<br \/>\nIm September 2012 wurde die mit Graffiti beschmierte Br\u00fccke aufwendig durch den Bauunternehmer Peter Gries ges\u00e4ubert, die S\u00e4uberung wurde von einem Bewohner des Moltkeviertels initiiert und bezahlt.<\/p>\n<p><a href=\"https:\/\/www.buergerverein-moltkeviertel.de\/wordpress\/wp-content\/uploads\/Moltkebruecke_1910.jpg\"><img loading=\"lazy\" decoding=\"async\" class=\"wp-image-247 alignleft\" src=\"https:\/\/www.buergerverein-moltkeviertel.de\/wordpress\/wp-content\/uploads\/Moltkebruecke_1910-300x183.jpg\" alt=\"\" width=\"192\" height=\"120\" \/><\/a><a href=\"https:\/\/www.buergerverein-moltkeviertel.de\/wordpress\/wp-content\/uploads\/Moltkebruecke_1480_A.jpg\"><img loading=\"lazy\" decoding=\"async\" class=\"wp-image-246 alignnone\" src=\"https:\/\/www.buergerverein-moltkeviertel.de\/wordpress\/wp-content\/uploads\/Moltkebruecke_1480_A-300x169.jpg\" alt=\"\" width=\"206\" height=\"122\" \/><\/a><\/p>\n<h4>Eisernes, abwechselnd mit zwei verschiedenen Jugendstilmotiven verziertes Gel\u00e4nder am Ende der Br\u00fccke<\/h4>\n<p style=\"text-align: center;\"><img loading=\"lazy\" decoding=\"async\" class=\"wp-image-248 size-medium alignleft\" title=\"Moltkebruecke_2137_E, B\u00fcrgerverein Moltkeviertel, Moltkeplatz\" src=\"https:\/\/www.buergerverein-moltkeviertel.de\/wordpress\/wp-content\/uploads\/Moltkebruecke_2137_E-300x211.jpg\" alt=\"\" width=\"300\" height=\"211\" srcset=\"https:\/\/www.buergerverein-moltkeviertel.de\/wordpress\/wp-content\/uploads\/Moltkebruecke_2137_E-300x211.jpg 300w, https:\/\/www.buergerverein-moltkeviertel.de\/wordpress\/wp-content\/uploads\/Moltkebruecke_2137_E-426x300.jpg 426w, https:\/\/www.buergerverein-moltkeviertel.de\/wordpress\/wp-content\/uploads\/Moltkebruecke_2137_E.jpg 1024w\" sizes=\"auto, (max-width: 300px) 100vw, 300px\" \/><img loading=\"lazy\" decoding=\"async\" class=\"alignnone wp-image-4953 size-medium\" title=\"Moltkebruecke_Gitter_3587_A\" src=\"https:\/\/www.buergerverein-moltkeviertel.de\/wordpress\/wp-content\/uploads\/2018\/08\/Moltkebruecke_Gitter_3587_A-181x300-181x300.jpg\" alt=\"\" width=\"181\" height=\"300\" \/><\/p>\n<h4>WOHNHAUS SEMPERSTRASSE 13 &#8211; 2<\/h4>\n<p>Gruppenbau mit 5 Einheiten, Baujahr 1912, Architekt Georg Metzendorf<\/p>\n<p><img loading=\"lazy\" decoding=\"async\" class=\"size-medium wp-image-253 alignleft\" title=\"Semperstr_2118_A, B\u00fcrgerverein Moltkeviertel, Moltkeplatz\" src=\"http:\/\/blog.buergerverein-moltkeviertel.de\/wordpress\/wp-content\/uploads\/Semperstr_2118_A-300x209.jpg\" alt=\"Moltkeplatz, B\u00fcrgerverein Moltkeviertel, Semperstr.\" width=\"300\" height=\"209\" srcset=\"https:\/\/www.buergerverein-moltkeviertel.de\/wordpress\/wp-content\/uploads\/Semperstr_2118_A-300x209.jpg 300w, https:\/\/www.buergerverein-moltkeviertel.de\/wordpress\/wp-content\/uploads\/Semperstr_2118_A-429x300.jpg 429w, https:\/\/www.buergerverein-moltkeviertel.de\/wordpress\/wp-content\/uploads\/Semperstr_2118_A.jpg 1024w\" sizes=\"auto, (max-width: 300px) 100vw, 300px\" \/><\/p>\n<p>&nbsp;<\/p>\n<p>&nbsp;<\/p>\n<p>&nbsp;<\/p>\n<p>&nbsp;<\/p>\n<p>&nbsp;<\/p>\n<p>&nbsp;<\/p>\n<h4>WOHNHAUS RUHRALLEE 4 &#8211; 10<\/h4>\n<p>Mehrfamilienreihenhaus mit vier Einheiten mit anschlie\u00dfendem zweigeschossigen Torhaus Baujahr 1911; Architekt: Alfons Stinnesbeck<\/p>\n<p><a href=\"https:\/\/www.buergerverein-moltkeviertel.de\/wordpress\/wp-content\/uploads\/Ruhrallee4_10_1456.jpg\"><img loading=\"lazy\" decoding=\"async\" class=\"size-medium wp-image-251 alignleft\" title=\"Ruhrallee4_10_1456, B\u00fcrgerverein Moltkeviertel, N\u00e4he Moltkeplatz\" src=\"http:\/\/blog.buergerverein-moltkeviertel.de\/wordpress\/wp-content\/uploads\/Ruhrallee4_10_1456-300x183.jpg\" alt=\"B\u00fcrgerverein Moltkeviertel, N\u00e4he Moltkeplatz\" width=\"300\" height=\"183\" srcset=\"https:\/\/www.buergerverein-moltkeviertel.de\/wordpress\/wp-content\/uploads\/Ruhrallee4_10_1456-300x183.jpg 300w, https:\/\/www.buergerverein-moltkeviertel.de\/wordpress\/wp-content\/uploads\/Ruhrallee4_10_1456-490x300.jpg 490w, https:\/\/www.buergerverein-moltkeviertel.de\/wordpress\/wp-content\/uploads\/Ruhrallee4_10_1456.jpg 1024w\" sizes=\"auto, (max-width: 300px) 100vw, 300px\" \/><\/a><\/p>\n<p>&nbsp;<\/p>\n<p>&nbsp;<\/p>\n<p>&nbsp;<\/p>\n<p>&nbsp;<\/p>\n<h4>WOHNH\u00c4USERZEILE SCHINKELSTRASSE 45 &#8211; 71<\/h4>\n<p>Baujahre: etwa 1910 (Schinkelstra\u00dfe 45 &#8211; 67) bzw. vermutlich um\/nach 1930 (Schinkelstra\u00dfe 69, 71) verschiedene Architekten<\/p>\n<p><a href=\"https:\/\/www.buergerverein-moltkeviertel.de\/wordpress\/wp-content\/uploads\/Schinkelstrasse_45_67_3224.jpg\"><img loading=\"lazy\" decoding=\"async\" class=\"alignleft size-medium wp-image-252\" title=\"Schinkelstrasse_45_67_3224, B\u00fcrgerverein Moltkeviertel\" src=\"http:\/\/blog.buergerverein-moltkeviertel.de\/wordpress\/wp-content\/uploads\/Schinkelstrasse_45_67_3224-300x220.jpg\" alt=\"Moltkeplatz, B\u00fcrgerverein Moltkeviertel, Schinkelstra\u00dfe\" width=\"300\" height=\"220\" srcset=\"https:\/\/www.buergerverein-moltkeviertel.de\/wordpress\/wp-content\/uploads\/Schinkelstrasse_45_67_3224-300x220.jpg 300w, https:\/\/www.buergerverein-moltkeviertel.de\/wordpress\/wp-content\/uploads\/Schinkelstrasse_45_67_3224-407x300.jpg 407w, https:\/\/www.buergerverein-moltkeviertel.de\/wordpress\/wp-content\/uploads\/Schinkelstrasse_45_67_3224.jpg 1024w\" sizes=\"auto, (max-width: 300px) 100vw, 300px\" \/><\/a><\/p>\n<p>&nbsp;<\/p>\n<p>&nbsp;<\/p>\n<p>&nbsp;<\/p>\n<p>&nbsp;<\/p>\n<p>&nbsp;<\/p>\n","protected":false},"excerpt":{"rendered":"<p>Das Moltkeviertel ist ein als Wohnquartier beliebtes Stadtviertel und liegt s\u00fcd\u00f6stlich des Hauptbahnhofs. Kommunalpolitisch geh\u00f6rt das Viertel zum Bereich der Bezirksvertretung BV1\u00a0der Stadt Essen und verwaltungsm\u00e4\u00dfig zu den Stadtteilen Essen-S\u00fcdostviertel und Essen-Huttrop. Das Zentrum des 100 Jahre alten Moltkeviertels bildet die 1911 fertiggestellte K\u00f6nigliche Baugewerkschule (das heutige Robert-Schmidt-Berufskolleg) an der Robert-Schmidt-Stra\u00dfe 1 Ecke Moltkestra\u00dfe, dessen [&hellip;]<\/p>\n","protected":false},"author":9,"featured_media":4542,"parent":0,"menu_order":0,"comment_status":"closed","ping_status":"closed","template":"","meta":{"footnotes":""},"class_list":["post-17","page","type-page","status-publish","has-post-thumbnail","hentry"],"_links":{"self":[{"href":"https:\/\/www.buergerverein-moltkeviertel.de\/wordpress\/wp-json\/wp\/v2\/pages\/17","targetHints":{"allow":["GET"]}}],"collection":[{"href":"https:\/\/www.buergerverein-moltkeviertel.de\/wordpress\/wp-json\/wp\/v2\/pages"}],"about":[{"href":"https:\/\/www.buergerverein-moltkeviertel.de\/wordpress\/wp-json\/wp\/v2\/types\/page"}],"author":[{"embeddable":true,"href":"https:\/\/www.buergerverein-moltkeviertel.de\/wordpress\/wp-json\/wp\/v2\/users\/9"}],"replies":[{"embeddable":true,"href":"https:\/\/www.buergerverein-moltkeviertel.de\/wordpress\/wp-json\/wp\/v2\/comments?post=17"}],"version-history":[{"count":5,"href":"https:\/\/www.buergerverein-moltkeviertel.de\/wordpress\/wp-json\/wp\/v2\/pages\/17\/revisions"}],"predecessor-version":[{"id":4955,"href":"https:\/\/www.buergerverein-moltkeviertel.de\/wordpress\/wp-json\/wp\/v2\/pages\/17\/revisions\/4955"}],"wp:featuredmedia":[{"embeddable":true,"href":"https:\/\/www.buergerverein-moltkeviertel.de\/wordpress\/wp-json\/wp\/v2\/media\/4542"}],"wp:attachment":[{"href":"https:\/\/www.buergerverein-moltkeviertel.de\/wordpress\/wp-json\/wp\/v2\/media?parent=17"}],"curies":[{"name":"wp","href":"https:\/\/api.w.org\/{rel}","templated":true}]}}