{"id":4433,"date":"2017-07-20T12:21:51","date_gmt":"2017-07-20T10:21:51","guid":{"rendered":"https:\/\/www.buergerverein-moltkeviertel.de\/wordpress\/?page_id=4433"},"modified":"2017-08-29T11:34:52","modified_gmt":"2017-08-29T09:34:52","slug":"penderecki-im-moltkeviertel","status":"publish","type":"page","link":"https:\/\/www.buergerverein-moltkeviertel.de\/wordpress\/penderecki-im-moltkeviertel\/","title":{"rendered":"Krzysztof Penderecki im Moltkeviertel (14. November 2016)"},"content":{"rendered":"<p>Krzysztof Penderecki, am 23. November 1933 in Polen geboren, geh\u00f6rt zu den wenigen zeitgen\u00f6ssischen Komponisten der Avantgarde, denen der Durchbruch zur breiten \u00d6ffentlichkeit gelang. So steht es in Wikipedia, so ist er vielen musikinteressierten Menschen bekannt. Norbert Lammert, der scheidende Bundestagspr\u00e4sident, hat zum Beispiel die Urauff\u00fchrung der Lukaspassion in M\u00fcnster 1964 erlebt und er sa\u00df mit seiner Frau im Auditorium der Philharmonie als dieses Werk am 13 November 2016 unter Pendereckis Regie aufgef\u00fchrt wurde.<\/p>\n<p>Zuf\u00e4llig erfuhren wir, dass die Eheleute 1962 bis 1963 in der Olbrichstra\u00dfe gewohnt hatten.\u00a0\u00dcber den Schott Musikverlag nahmen wir bereits im Herbst 2014 Kontakt auf, denn wir wollten den ber\u00fchmten Komponisten mit einer Tafel an seinem ehemaligen Wohnhaus ehren und ihm einen w\u00fcrdigen Empfang bereiten.<\/p>\n<p>Als sein Besuch f\u00fcr 2015 angek\u00fcndigt wurde, ging es an die Vorbereitung.<br \/>\nPenderecki im Moltkeviertel zu empfangen, ohne die Philharmonie und Folkwang Universit\u00e4t zu informieren, w\u00e4re unverzeihlich gewesen. Beide boten in ihrer Begeisterung spontan Empf\u00e4nge und ein kleines Begleitprogramm an. Prof. G\u00fcnter Steinke von der Folkwang Universit\u00e4t entwickelte bereits Ideen f\u00fcr die Auff\u00fchrung der Lukaspassion und wollte diese im gemeinsamen Gremium mit der Philharmonie vortragen. Beide bedauerten sehr, dass sie die Lukaspassion nicht mehr in das laufende, sondern erst 2016 in ihr Programm \u201eNOW!\u201c nehmen konnten. Wir sind stolz darauf, dieses Konzert von Penderecki mit unserer Idee angesto\u00dfen zu haben.<\/p>\n<p>2016 kamen Krzysztof Penderecki und seine Ehefrau Elzbieta direkt aus China in die Philharmonie und einen Tag sp\u00e4ter zu uns ins Moltkeviertel.<\/p>\n\n\t\t<style type=\"text\/css\">\n\t\t\t#gallery-1 {\n\t\t\t\tmargin: auto;\n\t\t\t}\n\t\t\t#gallery-1 .gallery-item {\n\t\t\t\tfloat: left;\n\t\t\t\tmargin-top: 10px;\n\t\t\t\ttext-align: center;\n\t\t\t\twidth: 33%;\n\t\t\t}\n\t\t\t#gallery-1 img {\n\t\t\t\tborder: 2px solid #cfcfcf;\n\t\t\t}\n\t\t\t#gallery-1 .gallery-caption {\n\t\t\t\tmargin-left: 0;\n\t\t\t}\n\t\t\t\/* see gallery_shortcode() in wp-includes\/media.php *\/\n\t\t<\/style>\n\t\t<div id='gallery-1' class='gallery galleryid-4433 gallery-columns-3 gallery-size-thumbnail'><dl class='gallery-item'>\n\t\t\t<dt class='gallery-icon portrait'>\n\t\t\t\t<a href='https:\/\/www.buergerverein-moltkeviertel.de\/wordpress\/penderecki-im-moltkeviertel\/img_8176\/#main'><img loading=\"lazy\" decoding=\"async\" width=\"150\" height=\"150\" src=\"https:\/\/www.buergerverein-moltkeviertel.de\/wordpress\/wp-content\/uploads\/IMG_8176-150x150.jpg\" class=\"attachment-thumbnail size-thumbnail\" alt=\"\" srcset=\"https:\/\/www.buergerverein-moltkeviertel.de\/wordpress\/wp-content\/uploads\/IMG_8176-150x150.jpg 150w, https:\/\/www.buergerverein-moltkeviertel.de\/wordpress\/wp-content\/uploads\/IMG_8176-66x66.jpg 66w\" sizes=\"auto, (max-width: 150px) 100vw, 150px\" \/><\/a>\n\t\t\t<\/dt><\/dl><dl class='gallery-item'>\n\t\t\t<dt class='gallery-icon landscape'>\n\t\t\t\t<a href='https:\/\/www.buergerverein-moltkeviertel.de\/wordpress\/img_1825\/'><img loading=\"lazy\" decoding=\"async\" width=\"150\" height=\"150\" src=\"https:\/\/www.buergerverein-moltkeviertel.de\/wordpress\/wp-content\/uploads\/IMG_1825-150x150.jpg\" class=\"attachment-thumbnail size-thumbnail\" alt=\"\" \/><\/a>\n\t\t\t<\/dt><\/dl><dl class='gallery-item'>\n\t\t\t<dt class='gallery-icon landscape'>\n\t\t\t\t<a href='https:\/\/www.buergerverein-moltkeviertel.de\/wordpress\/img_1846\/'><img loading=\"lazy\" decoding=\"async\" width=\"150\" height=\"150\" src=\"https:\/\/www.buergerverein-moltkeviertel.de\/wordpress\/wp-content\/uploads\/IMG_1846-150x150.jpg\" class=\"attachment-thumbnail size-thumbnail\" alt=\"\" \/><\/a>\n\t\t\t<\/dt><\/dl><br style=\"clear: both\" \/><dl class='gallery-item'>\n\t\t\t<dt class='gallery-icon landscape'>\n\t\t\t\t<a href='https:\/\/www.buergerverein-moltkeviertel.de\/wordpress\/img_1854\/'><img loading=\"lazy\" decoding=\"async\" width=\"150\" height=\"150\" src=\"https:\/\/www.buergerverein-moltkeviertel.de\/wordpress\/wp-content\/uploads\/IMG_1854-150x150.jpg\" class=\"attachment-thumbnail size-thumbnail\" alt=\"\" \/><\/a>\n\t\t\t<\/dt><\/dl><dl class='gallery-item'>\n\t\t\t<dt class='gallery-icon portrait'>\n\t\t\t\t<a href='https:\/\/www.buergerverein-moltkeviertel.de\/wordpress\/penderecki\/img_1870\/#main'><img loading=\"lazy\" decoding=\"async\" width=\"150\" height=\"150\" src=\"https:\/\/www.buergerverein-moltkeviertel.de\/wordpress\/wp-content\/uploads\/IMG_1870-150x150.jpg\" class=\"attachment-thumbnail size-thumbnail\" alt=\"\" \/><\/a>\n\t\t\t<\/dt><\/dl><dl class='gallery-item'>\n\t\t\t<dt class='gallery-icon landscape'>\n\t\t\t\t<a href='https:\/\/www.buergerverein-moltkeviertel.de\/wordpress\/penderecki-im-moltkeviertel\/img_7131\/#main'><img loading=\"lazy\" decoding=\"async\" width=\"150\" height=\"150\" src=\"https:\/\/www.buergerverein-moltkeviertel.de\/wordpress\/wp-content\/uploads\/IMG_7131-150x150.jpg\" class=\"attachment-thumbnail size-thumbnail\" alt=\"\" srcset=\"https:\/\/www.buergerverein-moltkeviertel.de\/wordpress\/wp-content\/uploads\/IMG_7131-150x150.jpg 150w, https:\/\/www.buergerverein-moltkeviertel.de\/wordpress\/wp-content\/uploads\/IMG_7131-66x66.jpg 66w\" sizes=\"auto, (max-width: 150px) 100vw, 150px\" \/><\/a>\n\t\t\t<\/dt><\/dl><br style=\"clear: both\" \/><dl class='gallery-item'>\n\t\t\t<dt class='gallery-icon landscape'>\n\t\t\t\t<a href='https:\/\/www.buergerverein-moltkeviertel.de\/wordpress\/img_1850\/'><img loading=\"lazy\" decoding=\"async\" width=\"150\" height=\"150\" src=\"https:\/\/www.buergerverein-moltkeviertel.de\/wordpress\/wp-content\/uploads\/IMG_1850-150x150.jpg\" class=\"attachment-thumbnail size-thumbnail\" alt=\"\" \/><\/a>\n\t\t\t<\/dt><\/dl><dl class='gallery-item'>\n\t\t\t<dt class='gallery-icon landscape'>\n\t\t\t\t<a href='https:\/\/www.buergerverein-moltkeviertel.de\/wordpress\/penderecki-im-moltkeviertel\/_dsc4241\/#main'><img loading=\"lazy\" decoding=\"async\" width=\"150\" height=\"150\" src=\"https:\/\/www.buergerverein-moltkeviertel.de\/wordpress\/wp-content\/uploads\/DSC4241-150x150.jpg\" class=\"attachment-thumbnail size-thumbnail\" alt=\"\" \/><\/a>\n\t\t\t<\/dt><\/dl><dl class='gallery-item'>\n\t\t\t<dt class='gallery-icon landscape'>\n\t\t\t\t<a href='https:\/\/www.buergerverein-moltkeviertel.de\/wordpress\/img_1832\/'><img loading=\"lazy\" decoding=\"async\" width=\"150\" height=\"150\" src=\"https:\/\/www.buergerverein-moltkeviertel.de\/wordpress\/wp-content\/uploads\/IMG_1832-150x150.jpg\" class=\"attachment-thumbnail size-thumbnail\" alt=\"\" \/><\/a>\n\t\t\t<\/dt><\/dl><br style=\"clear: both\" \/><dl class='gallery-item'>\n\t\t\t<dt class='gallery-icon landscape'>\n\t\t\t\t<a href='https:\/\/www.buergerverein-moltkeviertel.de\/wordpress\/img_1827\/'><img loading=\"lazy\" decoding=\"async\" width=\"150\" height=\"150\" src=\"https:\/\/www.buergerverein-moltkeviertel.de\/wordpress\/wp-content\/uploads\/IMG_1827-150x150.jpg\" class=\"attachment-thumbnail size-thumbnail\" alt=\"\" \/><\/a>\n\t\t\t<\/dt><\/dl>\n\t\t\t<br style='clear: both' \/>\n\t\t<\/div>\n\n","protected":false},"excerpt":{"rendered":"<p>Krzysztof Penderecki, am 23. November 1933 in Polen geboren, geh\u00f6rt zu den wenigen zeitgen\u00f6ssischen Komponisten der Avantgarde, denen der Durchbruch zur breiten \u00d6ffentlichkeit gelang. So steht es in Wikipedia, so ist er vielen musikinteressierten Menschen bekannt. Norbert Lammert, der scheidende Bundestagspr\u00e4sident, hat zum Beispiel die Urauff\u00fchrung der Lukaspassion in M\u00fcnster 1964 erlebt und er sa\u00df [&hellip;]<\/p>\n","protected":false},"author":9,"featured_media":4553,"parent":0,"menu_order":0,"comment_status":"closed","ping_status":"closed","template":"","meta":{"footnotes":""},"class_list":["post-4433","page","type-page","status-publish","has-post-thumbnail","hentry"],"_links":{"self":[{"href":"https:\/\/www.buergerverein-moltkeviertel.de\/wordpress\/wp-json\/wp\/v2\/pages\/4433","targetHints":{"allow":["GET"]}}],"collection":[{"href":"https:\/\/www.buergerverein-moltkeviertel.de\/wordpress\/wp-json\/wp\/v2\/pages"}],"about":[{"href":"https:\/\/www.buergerverein-moltkeviertel.de\/wordpress\/wp-json\/wp\/v2\/types\/page"}],"author":[{"embeddable":true,"href":"https:\/\/www.buergerverein-moltkeviertel.de\/wordpress\/wp-json\/wp\/v2\/users\/9"}],"replies":[{"embeddable":true,"href":"https:\/\/www.buergerverein-moltkeviertel.de\/wordpress\/wp-json\/wp\/v2\/comments?post=4433"}],"version-history":[{"count":0,"href":"https:\/\/www.buergerverein-moltkeviertel.de\/wordpress\/wp-json\/wp\/v2\/pages\/4433\/revisions"}],"wp:featuredmedia":[{"embeddable":true,"href":"https:\/\/www.buergerverein-moltkeviertel.de\/wordpress\/wp-json\/wp\/v2\/media\/4553"}],"wp:attachment":[{"href":"https:\/\/www.buergerverein-moltkeviertel.de\/wordpress\/wp-json\/wp\/v2\/media?parent=4433"}],"curies":[{"name":"wp","href":"https:\/\/api.w.org\/{rel}","templated":true}]}}